{"id":9,"date":"2025-03-28T13:28:29","date_gmt":"2025-03-28T13:28:29","guid":{"rendered":"http:\/\/souveraineterdc.org\/index.php\/my-account\/"},"modified":"2025-04-01T06:49:32","modified_gmt":"2025-04-01T06:49:32","slug":"actualites","status":"publish","type":"page","link":"https:\/\/souveraineterdc.org\/?page_id=9","title":{"rendered":"ACTUALITES"},"content":{"rendered":"\n<p>Le g\u00e9n\u00e9ral de brigade Eddy Kapend, commandant de la 22\u1d49 r\u00e9gion militaire (Haut-Katanga), a pr\u00e9sid\u00e9 une parade militaire \u00e0 Kalemie le 28 mars 2025, dans le cadre\u2026 Source: <a href=\"https:\/\/www.radiookapi.net\/\" title=\"Radio Okapi \">Radio Okapi <\/a><a href=\"https:\/\/search.app\/?link=https%3A%2F%2Fwww%2Eradiookapi%2Enet%2F2025%2F03%2F29%2Factualite%2Fsecurite%2Fle%2Dgeneral%2Deddy%2Dkapend%2Dmet%2Den%2Dgarde%2Dcontre%2Dlusage%2Dabusif%2Ddes&amp;utm_campaign=57165%2Dor%2Digacx%2Dweb%2Dshrbtn%2Diga%2Dsharing&amp;utm_source=igadl%2Cigatpdl%2Csh%2Fx%2Fgs%2Fm2%2F5\">https:\/\/search.app\/?link=https%3A%2F%2Fwww%2Eradiookapi%2Enet%2F2025%2F03%2F29%2Factualite%2Fsecurite%2Fle%2Dgeneral%2Deddy%2Dkapend%2Dmet%2Den%2Dgarde%2Dcontre%2Dlusage%2Dabusif%2Ddes&amp;utm_campaign=57165%2Dor%2Digacx%2Dweb%2Dshrbtn%2Diga%2Dsharing&amp;utm_source=igadl%2Cigatpdl%2Csh%2Fx%2Fgs%2Fm2%2F5<\/a><\/p>\n\n\n\n<p>Depuis la mi-f\u00e9vrier, la capitale de la province du Sud-Kivu est sous la f\u00e9rule du groupe arm\u00e9 soutenu par le Rwanda. La population y est soumise \u00e0 une violence\u2026 Source: Le <a href=\"http:\/\/Monde.fr\" title=\"Monde.fr \">Monde.fr <\/a><a href=\"https:\/\/search.app\/rqssDQoLU9AtiMWP8\">https:\/\/search.app\/rqssDQoLU9AtiMWP8<\/a><\/p>\n\n\n\n<p>Shared via the Google app<\/p>\n\n\n\n<p>Il semble ainsi que tous les projets d&rsquo;aide belges y seront ill\u00e9gaux \u00e0 partir de ce vendredi, rapporte De Standaard. Source: La Libre.be <a href=\"https:\/\/search.app\/wvcMwmGkRFQe2VWq6\">https:\/\/search.app\/wvcMwmGkRFQe2VWq6<\/a><\/p>\n\n\n\n<p>Shared via the Google app<\/p>\n\n\n\n<p>Fighting in a mineral-rich region of central Africa proves a quandary for Chinese business interests. <a href=\"https:\/\/search.app\/YHZpW8FnYzD8TjLj9\">https:\/\/search.app\/YHZpW8FnYzD8TjLj9<\/a><\/p>\n\n\n\n<p>Rwanda&rsquo;s mineral export revenues reached $1.7 billion (Rwf2.38 trillion) in 2024, with gold raking in $1.5 billion, according to Prime Minister Edouard Ngiren\u2026 Source: <a href=\"https:\/\/www.newtimes.co.rw\/\" title=\"The New Times \">The New Times <\/a><a href=\"https:\/\/search.app\/5VFCSnYusEJ6bmTs9\">https:\/\/search.app\/5VFCSnYusEJ6bmTs9<\/a><\/p>\n\n\n\n<p>Shared via the Google app<\/p>\n\n\n\n<p><\/p>\n\n\n\n<p><\/p>\n","protected":false},"excerpt":{"rendered":"<p>Le g\u00e9n\u00e9ral de brigade Eddy Kapend, commandant de la 22\u1d49 r\u00e9gion militaire (Haut-Katanga), a pr\u00e9sid\u00e9 une parade militaire \u00e0 Kalemie le 28 mars 2025, dans le cadre\u2026 Source: Radio Okapi https:\/\/search.app\/?link=https%3A%2F%2Fwww%2Eradiookapi%2Enet%2F2025%2F03%2F29%2Factualite%2Fsecurite%2Fle%2Dgeneral%2Deddy%2Dkapend%2Dmet%2Den%2Dgarde%2Dcontre%2Dlusage%2Dabusif%2Ddes&amp;utm_campaign=57165%2Dor%2Digacx%2Dweb%2Dshrbtn%2Diga%2Dsharing&amp;utm_source=igadl%2Cigatpdl%2Csh%2Fx%2Fgs%2Fm2%2F5 Depuis la mi-f\u00e9vrier, la capitale de la province du &hellip; <a href=\"https:\/\/souveraineterdc.org\/?page_id=9\">Continuer la lecture <span class=\"meta-nav\">&rarr;<\/span><\/a><\/p>\n","protected":false},"author":2,"featured_media":0,"parent":0,"menu_order":2,"comment_status":"closed","ping_status":"open","template":"","meta":{"footnotes":""},"class_list":["post-9","page","type-page","status-publish","hentry"],"_links":{"self":[{"href":"https:\/\/souveraineterdc.org\/index.php?rest_route=\/wp\/v2\/pages\/9","targetHints":{"allow":["GET"]}}],"collection":[{"href":"https:\/\/souveraineterdc.org\/index.php?rest_route=\/wp\/v2\/pages"}],"about":[{"href":"https:\/\/souveraineterdc.org\/index.php?rest_route=\/wp\/v2\/types\/page"}],"author":[{"embeddable":true,"href":"https:\/\/souveraineterdc.org\/index.php?rest_route=\/wp\/v2\/users\/2"}],"replies":[{"embeddable":true,"href":"https:\/\/souveraineterdc.org\/index.php?rest_route=%2Fwp%2Fv2%2Fcomments&post=9"}],"version-history":[{"count":11,"href":"https:\/\/souveraineterdc.org\/index.php?rest_route=\/wp\/v2\/pages\/9\/revisions"}],"predecessor-version":[{"id":162,"href":"https:\/\/souveraineterdc.org\/index.php?rest_route=\/wp\/v2\/pages\/9\/revisions\/162"}],"wp:attachment":[{"href":"https:\/\/souveraineterdc.org\/index.php?rest_route=%2Fwp%2Fv2%2Fmedia&parent=9"}],"curies":[{"name":"wp","href":"https:\/\/api.w.org\/{rel}","templated":true}]}}

<p>Le général de brigade Eddy Kapend, commandant de la 22ᵉ région militaire (Haut-Katanga), a présidé une parade militaire à Kalemie le 28 mars 2025, dans le cadre… Source: <a href="https://www.radiookapi.net/" title="Radio Okapi ">Radio Okapi </a><a href="https://search.app/?link=https%3A%2F%2Fwww%2Eradiookapi%2Enet%2F2025%2F03%2F29%2Factualite%2Fsecurite%2Fle%2Dgeneral%2Deddy%2Dkapend%2Dmet%2Den%2Dgarde%2Dcontre%2Dlusage%2Dabusif%2Ddes&amp;utm_campaign=57165%2Dor%2Digacx%2Dweb%2Dshrbtn%2Diga%2Dsharing&amp;utm_source=igadl%2Cigatpdl%2Csh%2Fx%2Fgs%2Fm2%2F5">https://search.app/?link=https%3A%2F%2Fwww%2Eradiookapi%2Enet%2F2025%2F03%2F29%2Factualite%2Fsecurite%2Fle%2Dgeneral%2Deddy%2Dkapend%2Dmet%2Den%2Dgarde%2Dcontre%2Dlusage%2Dabusif%2Ddes&amp;utm_campaign=57165%2Dor%2Digacx%2Dweb%2Dshrbtn%2Diga%2Dsharing&amp;utm_source=igadl%2Cigatpdl%2Csh%2Fx%2Fgs%2Fm2%2F5</a></p>



<p>Depuis la mi-février, la capitale de la province du Sud-Kivu est sous la férule du groupe armé soutenu par le Rwanda. La population y est soumise à une violence… Source: Le <a href="http://Monde.fr" title="Monde.fr ">Monde.fr </a><a href="https://search.app/rqssDQoLU9AtiMWP8">https://search.app/rqssDQoLU9AtiMWP8</a></p>



<p>Shared via the Google app</p>



<p>Il semble ainsi que tous les projets d&rsquo;aide belges y seront illégaux à partir de ce vendredi, rapporte De Standaard. Source: La Libre.be <a href="https://search.app/wvcMwmGkRFQe2VWq6">https://search.app/wvcMwmGkRFQe2VWq6</a></p>



<p>Shared via the Google app</p>



<p>Fighting in a mineral-rich region of central Africa proves a quandary for Chinese business interests. <a href="https://search.app/YHZpW8FnYzD8TjLj9">https://search.app/YHZpW8FnYzD8TjLj9</a></p>



<p>Rwanda&rsquo;s mineral export revenues reached $1.7 billion (Rwf2.38 trillion) in 2024, with gold raking in $1.5 billion, according to Prime Minister Edouard Ngiren… Source: <a href="https://www.newtimes.co.rw/" title="The New Times ">The New Times </a><a href="https://search.app/5VFCSnYusEJ6bmTs9">https://search.app/5VFCSnYusEJ6bmTs9</a></p>



<p>Shared via the Google app</p>



<p></p>



<p></p>

<p>Le général de brigade Eddy Kapend, commandant de la 22ᵉ région militaire (Haut-Katanga), a présidé une parade militaire à Kalemie le 28 mars 2025, dans le cadre… Source: Radio Okapi https://search.app/?link=https%3A%2F%2Fwww%2Eradiookapi%2Enet%2F2025%2F03%2F29%2Factualite%2Fsecurite%2Fle%2Dgeneral%2Deddy%2Dkapend%2Dmet%2Den%2Dgarde%2Dcontre%2Dlusage%2Dabusif%2Ddes&amp;utm_campaign=57165%2Dor%2Digacx%2Dweb%2Dshrbtn%2Diga%2Dsharing&amp;utm_source=igadl%2Cigatpdl%2Csh%2Fx%2Fgs%2Fm2%2F5 Depuis la mi-février, la capitale de la province du &hellip; <a href="https://souveraineterdc.org/?page_id=9">Continuer la lecture <span class="meta-nav">&rarr;</span></a></p>
