{"id":7,"date":"2025-03-28T13:28:29","date_gmt":"2025-03-28T13:28:29","guid":{"rendered":"http:\/\/souveraineterdc.org\/index.php\/cart\/"},"modified":"2025-04-01T06:37:56","modified_gmt":"2025-04-01T06:37:56","slug":"souverainete-nationale","status":"publish","type":"page","link":"https:\/\/souveraineterdc.org\/","title":{"rendered":"SOUVERAINETE NATIONALE"},"content":{"rendered":"\n<figure class=\"wp-block-image size-large\"><img loading=\"lazy\" decoding=\"async\" width=\"1024\" height=\"576\" src=\"https:\/\/souveraineterdc.org\/wp-content\/uploads\/2025\/03\/Patrice-Emery-Lumumba-1024x576.jpg\" alt=\"\" class=\"wp-image-127\" srcset=\"https:\/\/souveraineterdc.org\/wp-content\/uploads\/2025\/03\/Patrice-Emery-Lumumba-1024x576.jpg 1024w, https:\/\/souveraineterdc.org\/wp-content\/uploads\/2025\/03\/Patrice-Emery-Lumumba-300x169.jpg 300w, https:\/\/souveraineterdc.org\/wp-content\/uploads\/2025\/03\/Patrice-Emery-Lumumba-768x432.jpg 768w, https:\/\/souveraineterdc.org\/wp-content\/uploads\/2025\/03\/Patrice-Emery-Lumumba.jpg 1200w\" sizes=\"auto, (max-width: 1024px) 100vw, 1024px\" \/><\/figure>\n\n\n\n<p><\/p>\n\n\n\n<p>\u00ab&nbsp;Si les Congolais se sont unis avant l\u2019ind\u00e9pendance pour combattre le colonialisme oppresseur, il est un devoir pour eux de s\u2019unir aujourd\u2019hui pour faire face aux ennemis de cette ind\u00e9pendance. Notre salut r\u00e9side dans l\u2019union et dans le travail. Personne ne peut suffire \u00e0 lui tout seul pour construire le grand Congo (\u2026).<\/p>\n\n\n\n<p>Je sais et je sens du fond de moi-m\u00eame que t\u00f4t au tard mon peuple se d\u00e9barrassera de tous ses ennemis int\u00e9rieurs et ext\u00e9rieurs, qu\u2019il se l\u00e8vera comme un seul homme pour dire non au colonialisme d\u00e9gradant et honteux, et pour reprendre sa dignit\u00e9 sous un soleil pur&nbsp;\u00bb.<\/p>\n\n\n\n<p>Patrice-Emery Lumumba<\/p>\n\n\n\n<p>Nous vous encourageons \u00e0 consulter la <strong><a href=\"https:\/\/souveraineterdc.org\/plaidoyers\/francais\" title=\"SOUVERAINETE NATIONALE\">Lettre adress\u00e9e au Secr\u00e9taire General de l\u2019ONU en r\u00e9action \u00e0 celle que lui ont adress\u00e9e les intellectuels et amis du Rwanda<\/a><\/strong> en cliquant <a href=\"https:\/\/souveraineterdc.org\/plaidoyers\/francais\" title=\"ici.\">ici.<\/a><\/p>\n\n\n\n<p><\/p>\n\n\n\n<h3 class=\"wp-block-heading\"><a href=\"https:\/\/docs.google.com\/forms\/d\/e\/1FAIpQLSdYdKv7CeuUkklDVgT7zsLygUTzBHqoc44P0UuRJFUEx573gQ\/viewform?usp=header\" target=\"_blank\" rel=\"noopener\" title=\"Formulaire des signatures\">Pour ajouter votre signature, cliquez ici<\/a><\/h3>\n\n\n\n<p><\/p>\n","protected":false},"excerpt":{"rendered":"<p>\u00ab&nbsp;Si les Congolais se sont unis avant l\u2019ind\u00e9pendance pour combattre le colonialisme oppresseur, il est un devoir pour eux de s\u2019unir aujourd\u2019hui pour faire face aux ennemis de cette ind\u00e9pendance. Notre salut r\u00e9side dans l\u2019union et dans le travail. Personne &hellip; <a href=\"https:\/\/souveraineterdc.org\/\">Continuer la lecture <span class=\"meta-nav\">&rarr;<\/span><\/a><\/p>\n","protected":false},"author":2,"featured_media":0,"parent":0,"menu_order":1,"comment_status":"closed","ping_status":"open","template":"","meta":{"footnotes":""},"class_list":["post-7","page","type-page","status-publish","hentry"],"_links":{"self":[{"href":"https:\/\/souveraineterdc.org\/index.php?rest_route=\/wp\/v2\/pages\/7","targetHints":{"allow":["GET"]}}],"collection":[{"href":"https:\/\/souveraineterdc.org\/index.php?rest_route=\/wp\/v2\/pages"}],"about":[{"href":"https:\/\/souveraineterdc.org\/index.php?rest_route=\/wp\/v2\/types\/page"}],"author":[{"embeddable":true,"href":"https:\/\/souveraineterdc.org\/index.php?rest_route=\/wp\/v2\/users\/2"}],"replies":[{"embeddable":true,"href":"https:\/\/souveraineterdc.org\/index.php?rest_route=%2Fwp%2Fv2%2Fcomments&post=7"}],"version-history":[{"count":18,"href":"https:\/\/souveraineterdc.org\/index.php?rest_route=\/wp\/v2\/pages\/7\/revisions"}],"predecessor-version":[{"id":183,"href":"https:\/\/souveraineterdc.org\/index.php?rest_route=\/wp\/v2\/pages\/7\/revisions\/183"}],"wp:attachment":[{"href":"https:\/\/souveraineterdc.org\/index.php?rest_route=%2Fwp%2Fv2%2Fmedia&parent=7"}],"curies":[{"name":"wp","href":"https:\/\/api.w.org\/{rel}","templated":true}]}}

<figure class="wp-block-image size-large"><img loading="lazy" decoding="async" width="1024" height="576" src="https://souveraineterdc.org/wp-content/uploads/2025/03/Patrice-Emery-Lumumba-1024x576.jpg" alt="" class="wp-image-127" srcset="https://souveraineterdc.org/wp-content/uploads/2025/03/Patrice-Emery-Lumumba-1024x576.jpg 1024w, https://souveraineterdc.org/wp-content/uploads/2025/03/Patrice-Emery-Lumumba-300x169.jpg 300w, https://souveraineterdc.org/wp-content/uploads/2025/03/Patrice-Emery-Lumumba-768x432.jpg 768w, https://souveraineterdc.org/wp-content/uploads/2025/03/Patrice-Emery-Lumumba.jpg 1200w" sizes="auto, (max-width: 1024px) 100vw, 1024px" /></figure>



<p></p>



<p>«&nbsp;Si les Congolais se sont unis avant l’indépendance pour combattre le colonialisme oppresseur, il est un devoir pour eux de s’unir aujourd’hui pour faire face aux ennemis de cette indépendance. Notre salut réside dans l’union et dans le travail. Personne ne peut suffire à lui tout seul pour construire le grand Congo (…).</p>



<p>Je sais et je sens du fond de moi-même que tôt au tard mon peuple se débarrassera de tous ses ennemis intérieurs et extérieurs, qu’il se lèvera comme un seul homme pour dire non au colonialisme dégradant et honteux, et pour reprendre sa dignité sous un soleil pur&nbsp;».</p>



<p>Patrice-Emery Lumumba</p>



<p>Nous vous encourageons à consulter la <strong><a href="https://souveraineterdc.org/plaidoyers/francais" title="SOUVERAINETE NATIONALE">Lettre adressée au Secrétaire General de l’ONU en réaction à celle que lui ont adressée les intellectuels et amis du Rwanda</a></strong> en cliquant <a href="https://souveraineterdc.org/plaidoyers/francais" title="ici.">ici.</a></p>



<p></p>



<h3 class="wp-block-heading"><a href="https://docs.google.com/forms/d/e/1FAIpQLSdYdKv7CeuUkklDVgT7zsLygUTzBHqoc44P0UuRJFUEx573gQ/viewform?usp=header" target="_blank" rel="noopener" title="Formulaire des signatures">Pour ajouter votre signature, cliquez ici</a></h3>



<p></p>

<p>«&nbsp;Si les Congolais se sont unis avant l’indépendance pour combattre le colonialisme oppresseur, il est un devoir pour eux de s’unir aujourd’hui pour faire face aux ennemis de cette indépendance. Notre salut réside dans l’union et dans le travail. Personne &hellip; <a href="https://souveraineterdc.org/">Continuer la lecture <span class="meta-nav">&rarr;</span></a></p>
