{"id":202,"date":"2025-04-01T09:31:59","date_gmt":"2025-04-01T09:31:59","guid":{"rendered":"https:\/\/souveraineterdc.org\/?page_id=202"},"modified":"2025-04-01T09:35:29","modified_gmt":"2025-04-01T09:35:29","slug":"gestion-scientifique-et-technique","status":"publish","type":"page","link":"https:\/\/souveraineterdc.org\/?page_id=202","title":{"rendered":"Gestion scientifique et technique"},"content":{"rendered":"\n<p><strong>Directeur G\u00e9n\u00e9ral : <\/strong>Isidore Ndaywel \u00e8 Nziem.<\/p>\n\n\n\n<p><strong>Directeurs G\u00e9n\u00e9raux Adjoints <\/strong>: Kilanga Musinde Julien, Kazadi Ntole Jean, Yoka Lye Mudaba Andr\u00e9.<\/p>\n\n\n\n<p><strong>Conseil Scientifique :<\/strong> Mudimbe Boyi Elisabeth, Bongilo Boendy Jean-Faustin, Dibwe dia Mwembu Donatien, Kayembe Ntumba Jean- Marie, Etambala Zana Mathieu, Kaumba Lufunda, Kishiba Fitula Gilbert, Mimbu Kilol Hippolyte, Muyembe Tamfum Jean-Jacques, Ngalasso Mwatha Musanji, Mabi Mulumba Evariste, Mukoko Samba Daniel, Ntumba Luaba Alphonse, Obenga Th\u00e9ophile, Omasombo Tshonda Jean, Taba Kalulu, Salikoko Mufwene, Vunduawe te Pemako F\u00e9lix.<\/p>\n\n\n\n<p><strong>Comit\u00e9 de gestion :<\/strong> Mateso Locha Emmanuel, Okana Nsiawi Justin, Abe Pangulu Macaire.<\/p>\n\n\n\n<p><strong>Secr\u00e9tariat administratif et technique :<\/strong> Ongera Kethia, Ngay Francis, Tipoy Didier, Kamwiziku Mihala Jeffrey, Tekila Japhet, Benjelingo N\u00e9h\u00e9mie.<\/p>\n\n\n\n<p><strong>Cellule de communication <\/strong>: Museme Diawe Michel.<\/p>\n","protected":false},"excerpt":{"rendered":"<p>Directeur G\u00e9n\u00e9ral : Isidore Ndaywel \u00e8 Nziem. Directeurs G\u00e9n\u00e9raux Adjoints : Kilanga Musinde Julien, Kazadi Ntole Jean, Yoka Lye Mudaba Andr\u00e9. Conseil Scientifique : Mudimbe Boyi Elisabeth, Bongilo Boendy Jean-Faustin, Dibwe dia Mwembu Donatien, Kayembe Ntumba Jean- Marie, Etambala Zana &hellip; <a href=\"https:\/\/souveraineterdc.org\/?page_id=202\">Continuer la lecture <span class=\"meta-nav\">&rarr;<\/span><\/a><\/p>\n","protected":false},"author":2,"featured_media":0,"parent":10,"menu_order":3,"comment_status":"closed","ping_status":"closed","template":"","meta":{"footnotes":""},"class_list":["post-202","page","type-page","status-publish","hentry"],"_links":{"self":[{"href":"https:\/\/souveraineterdc.org\/index.php?rest_route=\/wp\/v2\/pages\/202","targetHints":{"allow":["GET"]}}],"collection":[{"href":"https:\/\/souveraineterdc.org\/index.php?rest_route=\/wp\/v2\/pages"}],"about":[{"href":"https:\/\/souveraineterdc.org\/index.php?rest_route=\/wp\/v2\/types\/page"}],"author":[{"embeddable":true,"href":"https:\/\/souveraineterdc.org\/index.php?rest_route=\/wp\/v2\/users\/2"}],"replies":[{"embeddable":true,"href":"https:\/\/souveraineterdc.org\/index.php?rest_route=%2Fwp%2Fv2%2Fcomments&post=202"}],"version-history":[{"count":1,"href":"https:\/\/souveraineterdc.org\/index.php?rest_route=\/wp\/v2\/pages\/202\/revisions"}],"predecessor-version":[{"id":203,"href":"https:\/\/souveraineterdc.org\/index.php?rest_route=\/wp\/v2\/pages\/202\/revisions\/203"}],"up":[{"embeddable":true,"href":"https:\/\/souveraineterdc.org\/index.php?rest_route=\/wp\/v2\/pages\/10"}],"wp:attachment":[{"href":"https:\/\/souveraineterdc.org\/index.php?rest_route=%2Fwp%2Fv2%2Fmedia&parent=202"}],"curies":[{"name":"wp","href":"https:\/\/api.w.org\/{rel}","templated":true}]}}