{"id":197,"date":"2025-04-01T09:28:18","date_gmt":"2025-04-01T09:28:18","guid":{"rendered":"https:\/\/souveraineterdc.org\/?page_id=197"},"modified":"2025-04-01T09:36:32","modified_gmt":"2025-04-01T09:36:32","slug":"programme","status":"publish","type":"page","link":"https:\/\/souveraineterdc.org\/?page_id=197","title":{"rendered":"Programme"},"content":{"rendered":"\n<p>Recherches fondamentales et interdisciplinaires sur le Congo et son peuple : environnement, population et am\u00e9nagement du territoire ; histoire, h\u00e9ritages et cr\u00e9ativit\u00e9s ; enjeux \u00e9conomiques, sociales et g\u00e9ostrat\u00e9giques ; prospectives.<\/p>\n\n\n\n<p>Observatoire de la vie quotidienne en milieu rural et urbain, notamment gestion du groupe de travail sur l\u2019Est du Congo.<\/p>\n\n\n\n<p>Construction des synergies nationales : banque de donn\u00e9es des experts et des institutions nationales de recherche et d\u2019enseignement universitaire ; organisation des Congr\u00e8s d\u2019\u00e9tudes congolaises.<\/p>\n","protected":false},"excerpt":{"rendered":"<p>Recherches fondamentales et interdisciplinaires sur le Congo et son peuple : environnement, population et am\u00e9nagement du territoire ; histoire, h\u00e9ritages et cr\u00e9ativit\u00e9s ; enjeux \u00e9conomiques, sociales et g\u00e9ostrat\u00e9giques ; prospectives. Observatoire de la vie quotidienne en milieu rural et urbain, &hellip; <a href=\"https:\/\/souveraineterdc.org\/?page_id=197\">Continuer la lecture <span class=\"meta-nav\">&rarr;<\/span><\/a><\/p>\n","protected":false},"author":2,"featured_media":0,"parent":10,"menu_order":2,"comment_status":"closed","ping_status":"closed","template":"","meta":{"footnotes":""},"class_list":["post-197","page","type-page","status-publish","hentry"],"_links":{"self":[{"href":"https:\/\/souveraineterdc.org\/index.php?rest_route=\/wp\/v2\/pages\/197","targetHints":{"allow":["GET"]}}],"collection":[{"href":"https:\/\/souveraineterdc.org\/index.php?rest_route=\/wp\/v2\/pages"}],"about":[{"href":"https:\/\/souveraineterdc.org\/index.php?rest_route=\/wp\/v2\/types\/page"}],"author":[{"embeddable":true,"href":"https:\/\/souveraineterdc.org\/index.php?rest_route=\/wp\/v2\/users\/2"}],"replies":[{"embeddable":true,"href":"https:\/\/souveraineterdc.org\/index.php?rest_route=%2Fwp%2Fv2%2Fcomments&post=197"}],"version-history":[{"count":1,"href":"https:\/\/souveraineterdc.org\/index.php?rest_route=\/wp\/v2\/pages\/197\/revisions"}],"predecessor-version":[{"id":198,"href":"https:\/\/souveraineterdc.org\/index.php?rest_route=\/wp\/v2\/pages\/197\/revisions\/198"}],"up":[{"embeddable":true,"href":"https:\/\/souveraineterdc.org\/index.php?rest_route=\/wp\/v2\/pages\/10"}],"wp:attachment":[{"href":"https:\/\/souveraineterdc.org\/index.php?rest_route=%2Fwp%2Fv2%2Fmedia&parent=197"}],"curies":[{"name":"wp","href":"https:\/\/api.w.org\/{rel}","templated":true}]}}