{"id":195,"date":"2025-04-01T09:27:42","date_gmt":"2025-04-01T09:27:42","guid":{"rendered":"https:\/\/souveraineterdc.org\/?page_id=195"},"modified":"2025-04-01T09:36:28","modified_gmt":"2025-04-01T09:36:28","slug":"membres-fondateurs","status":"publish","type":"page","link":"https:\/\/souveraineterdc.org\/?page_id=195","title":{"rendered":"Membres fondateurs"},"content":{"rendered":"\n<p><strong>\u00a0<\/strong><strong>Isidore NDAYWEL \u00c8 NZIEM<\/strong>, Historien, Linguiste, Po\u00e8te, Professeur \u00e9m\u00e9rite de l\u2019Universit\u00e9 de Kinshasa; Membre titulaire de l\u2019Acad\u00e9mie congolaise des sciences, Secr\u00e9taire permanent honoraire du Conseil d\u2019administration des Universit\u00e9s du Congo et directeur g\u00e9n\u00e9ral honoraire de la Biblioth\u00e8que nationale du Congo ; Directeur honoraire des Langues et de l\u2019Ecrit \u00e0 l\u2019Agence intergouvernementale de la Francophonie et Membre correspondant de l\u2019Acad\u00e9mie royale des sciences d\u2019outre-mer \u00e0 Bruxelles.<\/p>\n\n\n\n<p><strong>Julien KILANGA MUSINDE<\/strong>, Professeur \u00e9m\u00e9rite des Universit\u00e9s de Lubumbashi et d\u2019Angers, Recteur honoraire de l\u2019Universit\u00e9 de Lubumbashi, Directeur honoraire de la langue fran\u00e7aise et de la diversit\u00e9 linguistique de l\u2019OIF, Membre de l\u2019Acad\u00e9mie des Sciences Belles Lettres et Arts d\u2019Angers, Membre de l\u2019Acad\u00e9mie Congolaise des Sciences.<\/p>\n\n\n\n<p><strong>Andr\u00e9 Lye M. YOKA<\/strong>, Nouvelliste, Essayiste, Po\u00e8te, Dramaturge, Professeur \u00e9m\u00e9rite des universit\u00e9s, Directeur g\u00e9n\u00e9ral honoraire de l\u2019Institut national des arts, Pr\u00e9sident de la Commission mixte RDC- RC pour la promotion de la Rumba congolaise et Membre de l\u2019Acad\u00e9mie Congolaise des Sciences.<\/p>\n\n\n\n<p><strong>Jean Ntole KAZADI<\/strong>, Ethnolinguiste, Professeur des Universit\u00e9s de Kinshasa et de Lubumbashi, Ancien Directeur du Centre de linguistique th\u00e9orique et appliqu\u00e9e, Ancien fonctionnaire \u00e0 l\u2019Organisation internationale de la Francophonie.<\/p>\n\n\n\n<p><strong>Emmanuel Locha MATESO<\/strong>, Critique litt\u00e9raire, Po\u00e8te, Professeur \u00e0 l\u2019Universit\u00e9 des sciences de l\u2019information et de la communication (UNISIC ex- IFASIC), Expert aupr\u00e8s de la Pr\u00e9sidence congolaise de l\u2019Union africaine.<\/p>\n\n\n\n<p><strong>Justin OKANA N\u2019SIAWI LEBUN<\/strong>, Economiste, Pr\u00e9sident du Conseil d\u2019Administration honoraire du CADICEC, Directeur g\u00e9n\u00e9ral honoraire de la RVA, Professeur \u00e9m\u00e9rite de l&rsquo;universit\u00e9 Catholique du Congo (UCC) et Professeur ordinaire \u00e0 l\u2019Universit\u00e9 de Kinshasa.<\/p>\n","protected":false},"excerpt":{"rendered":"<p>\u00a0Isidore NDAYWEL \u00c8 NZIEM, Historien, Linguiste, Po\u00e8te, Professeur \u00e9m\u00e9rite de l\u2019Universit\u00e9 de Kinshasa; Membre titulaire de l\u2019Acad\u00e9mie congolaise des sciences, Secr\u00e9taire permanent honoraire du Conseil d\u2019administration des Universit\u00e9s du Congo et directeur g\u00e9n\u00e9ral honoraire de la Biblioth\u00e8que nationale du Congo &hellip; <a href=\"https:\/\/souveraineterdc.org\/?page_id=195\">Continuer la lecture <span class=\"meta-nav\">&rarr;<\/span><\/a><\/p>\n","protected":false},"author":2,"featured_media":0,"parent":10,"menu_order":1,"comment_status":"closed","ping_status":"closed","template":"","meta":{"footnotes":""},"class_list":["post-195","page","type-page","status-publish","hentry"],"_links":{"self":[{"href":"https:\/\/souveraineterdc.org\/index.php?rest_route=\/wp\/v2\/pages\/195","targetHints":{"allow":["GET"]}}],"collection":[{"href":"https:\/\/souveraineterdc.org\/index.php?rest_route=\/wp\/v2\/pages"}],"about":[{"href":"https:\/\/souveraineterdc.org\/index.php?rest_route=\/wp\/v2\/types\/page"}],"author":[{"embeddable":true,"href":"https:\/\/souveraineterdc.org\/index.php?rest_route=\/wp\/v2\/users\/2"}],"replies":[{"embeddable":true,"href":"https:\/\/souveraineterdc.org\/index.php?rest_route=%2Fwp%2Fv2%2Fcomments&post=195"}],"version-history":[{"count":1,"href":"https:\/\/souveraineterdc.org\/index.php?rest_route=\/wp\/v2\/pages\/195\/revisions"}],"predecessor-version":[{"id":196,"href":"https:\/\/souveraineterdc.org\/index.php?rest_route=\/wp\/v2\/pages\/195\/revisions\/196"}],"up":[{"embeddable":true,"href":"https:\/\/souveraineterdc.org\/index.php?rest_route=\/wp\/v2\/pages\/10"}],"wp:attachment":[{"href":"https:\/\/souveraineterdc.org\/index.php?rest_route=%2Fwp%2Fv2%2Fmedia&parent=195"}],"curies":[{"name":"wp","href":"https:\/\/api.w.org\/{rel}","templated":true}]}}